{"id":864,"date":"2019-04-29T09:10:40","date_gmt":"2019-04-29T07:10:40","guid":{"rendered":"https:\/\/kailashyoga.fr\/index.php\/?page_id=864"},"modified":"2021-05-10T12:03:18","modified_gmt":"2021-05-10T10:03:18","slug":"kailash-yoga-dans-la-presse","status":"publish","type":"page","link":"https:\/\/kailashyoga.fr\/index.php\/kailash-yoga-dans-la-presse\/","title":{"rendered":"Kailash Yoga dans les m\u00e9dias&#8230;"},"content":{"rendered":"<h2><strong>Dans les m\u00e9dias&#8230;<\/strong><\/h2>\n<p><strong>A partir du 10 mai 2021 <\/strong>&#8211; Des cours en live gratuits \u00e0 19h00 tous les lundis de mai et juin 2021 dans le cadre du programme <a href=\"https:\/\/bouge.staderennais.com\/pratiquer\/cours-de-sport-sur-twitch\/\" target=\"_blank\" rel=\"noopener\"><strong>#BOUGE! propos\u00e9 par le Stade Rennais F. C.<\/strong> <\/a>Une belle initiative pour tous dans la ville, les \u00e9coles et chez vous avec des cours de yoga et de sport en live!<\/p>\n<p><a href=\"https:\/\/bouge.staderennais.com\/pratiquer\/cours-de-sport-sur-twitch\/\" target=\"_blank\" rel=\"noopener\"><img loading=\"lazy\" decoding=\"async\" class=\"alignnone wp-image-1278 lazyload\" data-src=\"https:\/\/kailashyoga.fr\/wp-content\/uploads\/2021\/05\/Capture-de\u0301cran-2021-05-10-a\u0300-11.56.36-300x147.png\" alt=\"\" width=\"300\" height=\"147\" data-srcset=\"https:\/\/kailashyoga.fr\/wp-content\/uploads\/2021\/05\/Capture-de\u0301cran-2021-05-10-a\u0300-11.56.36-300x147.png 300w, https:\/\/kailashyoga.fr\/wp-content\/uploads\/2021\/05\/Capture-de\u0301cran-2021-05-10-a\u0300-11.56.36-1024x501.png 1024w, https:\/\/kailashyoga.fr\/wp-content\/uploads\/2021\/05\/Capture-de\u0301cran-2021-05-10-a\u0300-11.56.36-768x376.png 768w, https:\/\/kailashyoga.fr\/wp-content\/uploads\/2021\/05\/Capture-de\u0301cran-2021-05-10-a\u0300-11.56.36.png 1205w\" data-sizes=\"auto, (max-width: 300px) 100vw, 300px\" src=\"data:image\/gif;base64,R0lGODlhAQABAAAAACH5BAEKAAEALAAAAAABAAEAAAICTAEAOw==\" style=\"--smush-placeholder-width: 300px; --smush-placeholder-aspect-ratio: 300\/147;\" \/><noscript><img loading=\"lazy\" decoding=\"async\" class=\"alignnone wp-image-1278\" src=\"https:\/\/kailashyoga.fr\/wp-content\/uploads\/2021\/05\/Capture-de\u0301cran-2021-05-10-a\u0300-11.56.36-300x147.png\" alt=\"\" width=\"300\" height=\"147\" srcset=\"https:\/\/kailashyoga.fr\/wp-content\/uploads\/2021\/05\/Capture-de\u0301cran-2021-05-10-a\u0300-11.56.36-300x147.png 300w, https:\/\/kailashyoga.fr\/wp-content\/uploads\/2021\/05\/Capture-de\u0301cran-2021-05-10-a\u0300-11.56.36-1024x501.png 1024w, https:\/\/kailashyoga.fr\/wp-content\/uploads\/2021\/05\/Capture-de\u0301cran-2021-05-10-a\u0300-11.56.36-768x376.png 768w, https:\/\/kailashyoga.fr\/wp-content\/uploads\/2021\/05\/Capture-de\u0301cran-2021-05-10-a\u0300-11.56.36.png 1205w\" sizes=\"auto, (max-width: 300px) 100vw, 300px\" \/><\/noscript><\/a>\u00a0 \u00a0 \u00a0 \u00a0 <a href=\"https:\/\/bouge.staderennais.com\/pratiquer\/cours-de-sport-sur-twitch\/\" target=\"_blank\" rel=\"noopener\"><img loading=\"lazy\" decoding=\"async\" class=\"alignnone size-medium wp-image-1279 lazyload\" data-src=\"https:\/\/kailashyoga.fr\/wp-content\/uploads\/2021\/05\/Capture-de\u0301cran-2021-05-10-a\u0300-11.57.04-300x144.png\" alt=\"\" width=\"300\" height=\"144\" data-srcset=\"https:\/\/kailashyoga.fr\/wp-content\/uploads\/2021\/05\/Capture-de\u0301cran-2021-05-10-a\u0300-11.57.04-300x144.png 300w, https:\/\/kailashyoga.fr\/wp-content\/uploads\/2021\/05\/Capture-de\u0301cran-2021-05-10-a\u0300-11.57.04-1024x490.png 1024w, https:\/\/kailashyoga.fr\/wp-content\/uploads\/2021\/05\/Capture-de\u0301cran-2021-05-10-a\u0300-11.57.04-768x368.png 768w, https:\/\/kailashyoga.fr\/wp-content\/uploads\/2021\/05\/Capture-de\u0301cran-2021-05-10-a\u0300-11.57.04.png 1209w\" data-sizes=\"auto, (max-width: 300px) 100vw, 300px\" src=\"data:image\/gif;base64,R0lGODlhAQABAAAAACH5BAEKAAEALAAAAAABAAEAAAICTAEAOw==\" style=\"--smush-placeholder-width: 300px; --smush-placeholder-aspect-ratio: 300\/144;\" \/><noscript><img loading=\"lazy\" decoding=\"async\" class=\"alignnone size-medium wp-image-1279\" src=\"https:\/\/kailashyoga.fr\/wp-content\/uploads\/2021\/05\/Capture-de\u0301cran-2021-05-10-a\u0300-11.57.04-300x144.png\" alt=\"\" width=\"300\" height=\"144\" srcset=\"https:\/\/kailashyoga.fr\/wp-content\/uploads\/2021\/05\/Capture-de\u0301cran-2021-05-10-a\u0300-11.57.04-300x144.png 300w, https:\/\/kailashyoga.fr\/wp-content\/uploads\/2021\/05\/Capture-de\u0301cran-2021-05-10-a\u0300-11.57.04-1024x490.png 1024w, https:\/\/kailashyoga.fr\/wp-content\/uploads\/2021\/05\/Capture-de\u0301cran-2021-05-10-a\u0300-11.57.04-768x368.png 768w, https:\/\/kailashyoga.fr\/wp-content\/uploads\/2021\/05\/Capture-de\u0301cran-2021-05-10-a\u0300-11.57.04.png 1209w\" sizes=\"auto, (max-width: 300px) 100vw, 300px\" \/><\/noscript><\/a><\/p>\n<p><strong>Juillet 2020<\/strong> &#8211; Invitation au <strong>Global Festival of Yoga<\/strong> : pratique matinale suivie d&rsquo;une interview<\/p>\n<p><iframe loading=\"lazy\" title=\"A Practical Session On Distilling Joy by Noelle Milliat (FR \/ EN)\" width=\"990\" height=\"557\" data-src=\"https:\/\/www.youtube.com\/embed\/yCmLQiE5J74?feature=oembed\" frameborder=\"0\" allow=\"accelerometer; autoplay; clipboard-write; encrypted-media; gyroscope; picture-in-picture\" allowfullscreen src=\"data:image\/gif;base64,R0lGODlhAQABAAAAACH5BAEKAAEALAAAAAABAAEAAAICTAEAOw==\" class=\"lazyload\" data-load-mode=\"1\"><\/iframe><\/p>\n<p><strong>ESPRIT YOGA mars-avril-mai 2020<\/strong> : PROGRAMME ESPRIT SOLIDAIRE, 12 vid\u00e9os en acc\u00e8s libre avec No\u00eblle Milliat.<\/p>\n<p>https:\/\/www.facebook.com\/EspritYogaMag\/videos\/2603237086591300\/<\/p>\n<p>https:\/\/www.facebook.com\/EspritYogaMag\/videos\/737880550352440\/<\/p>\n<p><strong>Plus de videos disponibles sur la page Facebook<\/strong> <a href=\"https:\/\/www.facebook.com\/kailashyogafrance\/\" target=\"_blank\" rel=\"noopener\"><strong>Kailash Yoga France<\/strong><\/a><\/p>\n<p>(Les 12 vid\u00e9os du confinement restent disponibles sur la page Facebook de <a href=\"https:\/\/www.facebook.com\/kailashyogafrance\/\" target=\"_blank\" rel=\"noopener\"><strong>Kailash Yoga<\/strong><\/a> et <strong><a href=\"https:\/\/www.facebook.com\/pg\/EspritYogaMag\/videos\/?ref=page_internal\" target=\"_blank\" rel=\"noopener\">Esprit Yoga<\/a><\/strong>)<\/p>\n<p><img loading=\"lazy\" decoding=\"async\" class=\"alignnone wp-image-869 lazyload\" data-src=\"https:\/\/kailashyoga.fr\/wp-content\/uploads\/2019\/04\/Yoga-Journal-N1929042019_2-1-212x300.jpg\" alt=\"\" width=\"264\" height=\"373\" data-srcset=\"https:\/\/kailashyoga.fr\/wp-content\/uploads\/2019\/04\/Yoga-Journal-N1929042019_2-1-212x300.jpg 212w, https:\/\/kailashyoga.fr\/wp-content\/uploads\/2019\/04\/Yoga-Journal-N1929042019_2-1-768x1089.jpg 768w, https:\/\/kailashyoga.fr\/wp-content\/uploads\/2019\/04\/Yoga-Journal-N1929042019_2-1-722x1024.jpg 722w\" data-sizes=\"auto, (max-width: 264px) 100vw, 264px\" src=\"data:image\/gif;base64,R0lGODlhAQABAAAAACH5BAEKAAEALAAAAAABAAEAAAICTAEAOw==\" style=\"--smush-placeholder-width: 264px; --smush-placeholder-aspect-ratio: 264\/373;\" \/><noscript><img loading=\"lazy\" decoding=\"async\" class=\"alignnone wp-image-869\" src=\"https:\/\/kailashyoga.fr\/wp-content\/uploads\/2019\/04\/Yoga-Journal-N1929042019_2-1-212x300.jpg\" alt=\"\" width=\"264\" height=\"373\" srcset=\"https:\/\/kailashyoga.fr\/wp-content\/uploads\/2019\/04\/Yoga-Journal-N1929042019_2-1-212x300.jpg 212w, https:\/\/kailashyoga.fr\/wp-content\/uploads\/2019\/04\/Yoga-Journal-N1929042019_2-1-768x1089.jpg 768w, https:\/\/kailashyoga.fr\/wp-content\/uploads\/2019\/04\/Yoga-Journal-N1929042019_2-1-722x1024.jpg 722w\" sizes=\"auto, (max-width: 264px) 100vw, 264px\" \/><\/noscript>\u00a0<strong>YOGA JOURNAL<\/strong> N\u00b019, mars 2019<\/p>\n<p><strong>Interview pour le Festival Yoga du Monde, avril 2019:<\/strong><\/p>\n<p><img loading=\"lazy\" decoding=\"async\" class=\"alignnone size-medium wp-image-873 lazyload\" data-src=\"https:\/\/kailashyoga.fr\/wp-content\/uploads\/2019\/04\/interview-yoga-du-monde-2019-300x300.png\" alt=\"\" width=\"300\" height=\"300\" data-srcset=\"https:\/\/kailashyoga.fr\/wp-content\/uploads\/2019\/04\/interview-yoga-du-monde-2019-300x300.png 300w, https:\/\/kailashyoga.fr\/wp-content\/uploads\/2019\/04\/interview-yoga-du-monde-2019-150x150.png 150w, https:\/\/kailashyoga.fr\/wp-content\/uploads\/2019\/04\/interview-yoga-du-monde-2019-768x768.png 768w, https:\/\/kailashyoga.fr\/wp-content\/uploads\/2019\/04\/interview-yoga-du-monde-2019-640x640.png 640w, https:\/\/kailashyoga.fr\/wp-content\/uploads\/2019\/04\/interview-yoga-du-monde-2019-180x180.png 180w, https:\/\/kailashyoga.fr\/wp-content\/uploads\/2019\/04\/interview-yoga-du-monde-2019.png 800w\" data-sizes=\"auto, (max-width: 300px) 100vw, 300px\" src=\"data:image\/gif;base64,R0lGODlhAQABAAAAACH5BAEKAAEALAAAAAABAAEAAAICTAEAOw==\" style=\"--smush-placeholder-width: 300px; --smush-placeholder-aspect-ratio: 300\/300;\" \/><noscript><img loading=\"lazy\" decoding=\"async\" class=\"alignnone size-medium wp-image-873\" src=\"https:\/\/kailashyoga.fr\/wp-content\/uploads\/2019\/04\/interview-yoga-du-monde-2019-300x300.png\" alt=\"\" width=\"300\" height=\"300\" srcset=\"https:\/\/kailashyoga.fr\/wp-content\/uploads\/2019\/04\/interview-yoga-du-monde-2019-300x300.png 300w, https:\/\/kailashyoga.fr\/wp-content\/uploads\/2019\/04\/interview-yoga-du-monde-2019-150x150.png 150w, https:\/\/kailashyoga.fr\/wp-content\/uploads\/2019\/04\/interview-yoga-du-monde-2019-768x768.png 768w, https:\/\/kailashyoga.fr\/wp-content\/uploads\/2019\/04\/interview-yoga-du-monde-2019-640x640.png 640w, https:\/\/kailashyoga.fr\/wp-content\/uploads\/2019\/04\/interview-yoga-du-monde-2019-180x180.png 180w, https:\/\/kailashyoga.fr\/wp-content\/uploads\/2019\/04\/interview-yoga-du-monde-2019.png 800w\" sizes=\"auto, (max-width: 300px) 100vw, 300px\" \/><\/noscript><\/p>\n<p>\/\/ NO\u00cbLLE MILLIAT \/\/<br \/>\nCette semaine d\u00e9couvrez No\u00eblle Milliat, sa pratique, sa vision du yoga, dans une br\u00e8ve interview!<\/p>\n<p>&#8211; Que repr\u00e9sente le Festival Yoga du Monde pour toi?<br \/>\nLe festival est maintenant inscrit dans le calendrier de beaucoup d&rsquo;amis, d&rsquo;\u00e9l\u00e8ves et de ma\u00eetres\u00a0<span class=\"_47e3 _5mfr\" title=\"\u00e9motic\u00f4ne wink\"><img loading=\"lazy\" decoding=\"async\" class=\"img lazyload\" role=\"presentation\" data-src=\"https:\/\/static.xx.fbcdn.net\/images\/emoji.php\/v9\/t57\/1\/16\/1f609.png?_nc_eui2=AeGf8YTIWD-zaGxdg86TuANv7mTevDlzFPvKyYQQU857B_oaSltD9rVCtapSaZCKx3GtMpzd_h43OttDcnUac82RCcFa-Tqqdt2XboaA-1Zv-w\" alt=\"\" width=\"16\" height=\"16\" src=\"data:image\/gif;base64,R0lGODlhAQABAAAAACH5BAEKAAEALAAAAAABAAEAAAICTAEAOw==\" style=\"--smush-placeholder-width: 16px; --smush-placeholder-aspect-ratio: 16\/16;\" \/><noscript><img loading=\"lazy\" decoding=\"async\" class=\"img lazyload\" role=\"presentation\" data-src=\"https:\/\/static.xx.fbcdn.net\/images\/emoji.php\/v9\/t57\/1\/16\/1f609.png?_nc_eui2=AeGf8YTIWD-zaGxdg86TuANv7mTevDlzFPvKyYQQU857B_oaSltD9rVCtapSaZCKx3GtMpzd_h43OttDcnUac82RCcFa-Tqqdt2XboaA-1Zv-w\" alt=\"\" width=\"16\" height=\"16\" src=\"data:image\/gif;base64,R0lGODlhAQABAAAAACH5BAEKAAEALAAAAAABAAEAAAICTAEAOw==\" style=\"--smush-placeholder-width: 16px; --smush-placeholder-aspect-ratio: 16\/16;\" \/><noscript><img loading=\"lazy\" decoding=\"async\" class=\"img\" role=\"presentation\" src=\"https:\/\/static.xx.fbcdn.net\/images\/emoji.php\/v9\/t57\/1\/16\/1f609.png?_nc_eui2=AeGf8YTIWD-zaGxdg86TuANv7mTevDlzFPvKyYQQU857B_oaSltD9rVCtapSaZCKx3GtMpzd_h43OttDcnUac82RCcFa-Tqqdt2XboaA-1Zv-w\" alt=\"\" width=\"16\" height=\"16\" \/><\/noscript><\/noscript><span class=\"_7oe\" aria-hidden=\"true\">\ud83d\ude09<\/span><\/span><span class=\"text_exposed_show\"><br \/>\nIl devient le rendez-vous de la fin de l&rsquo;\u00e9t\u00e9 qui nous relit et nous rassemble, comme si on connectait nos forces et nos ressources de l&rsquo;\u00e9t\u00e9 avant le grand bain de la rentr\u00e9e! Avec Philippe en invit\u00e9 d&rsquo;honneur cette ann\u00e9e \u00e7a va \u00eatre le feu d&rsquo;artifice int\u00e9rieur de la f\u00eate de l&rsquo;\u00e9t\u00e9\u00a0<span class=\"_47e3 _5mfr\" title=\"\u00e9motic\u00f4ne wink\"><img loading=\"lazy\" decoding=\"async\" class=\"img lazyload\" role=\"presentation\" data-src=\"https:\/\/static.xx.fbcdn.net\/images\/emoji.php\/v9\/t57\/1\/16\/1f609.png?_nc_eui2=AeGf8YTIWD-zaGxdg86TuANv7mTevDlzFPvKyYQQU857B_oaSltD9rVCtapSaZCKx3GtMpzd_h43OttDcnUac82RCcFa-Tqqdt2XboaA-1Zv-w\" alt=\"\" width=\"16\" height=\"16\" src=\"data:image\/gif;base64,R0lGODlhAQABAAAAACH5BAEKAAEALAAAAAABAAEAAAICTAEAOw==\" style=\"--smush-placeholder-width: 16px; --smush-placeholder-aspect-ratio: 16\/16;\" \/><noscript><img loading=\"lazy\" decoding=\"async\" class=\"img lazyload\" role=\"presentation\" data-src=\"https:\/\/static.xx.fbcdn.net\/images\/emoji.php\/v9\/t57\/1\/16\/1f609.png?_nc_eui2=AeGf8YTIWD-zaGxdg86TuANv7mTevDlzFPvKyYQQU857B_oaSltD9rVCtapSaZCKx3GtMpzd_h43OttDcnUac82RCcFa-Tqqdt2XboaA-1Zv-w\" alt=\"\" width=\"16\" height=\"16\" src=\"data:image\/gif;base64,R0lGODlhAQABAAAAACH5BAEKAAEALAAAAAABAAEAAAICTAEAOw==\" style=\"--smush-placeholder-width: 16px; --smush-placeholder-aspect-ratio: 16\/16;\" \/><noscript><img loading=\"lazy\" decoding=\"async\" class=\"img\" role=\"presentation\" src=\"https:\/\/static.xx.fbcdn.net\/images\/emoji.php\/v9\/t57\/1\/16\/1f609.png?_nc_eui2=AeGf8YTIWD-zaGxdg86TuANv7mTevDlzFPvKyYQQU857B_oaSltD9rVCtapSaZCKx3GtMpzd_h43OttDcnUac82RCcFa-Tqqdt2XboaA-1Zv-w\" alt=\"\" width=\"16\" height=\"16\" \/><\/noscript><\/noscript><span class=\"_7oe\" aria-hidden=\"true\">\ud83d\ude09<\/span><\/span><br \/>\nPlus s\u00e9rieusement, c&rsquo;est un festival qui propose des enseignements qui respectent la grande tradition du yoga, ses origines, ses lign\u00e9es et les grands yogis qui nous ont g\u00e9n\u00e9reusement transmis leur connaissances. Quel bonheur et quelle chance de pouvoir s&rsquo;en nourrir ensemble le temps d&rsquo;un weekend partag\u00e9!<\/span><\/p>\n<p>Cr\u00e9dit photo\u00a0<a href=\"https:\/\/www.facebook.com\/tilbyvattard?__tn__=%2CdK%2AF-R&amp;eid=ARDfRIhXrGVzg1Wi_juzi1AIXVjNdbFo3U3wXAxu-ZDzbP1W5fwoIH_q0OH9pdPpOPQ44NUMOle_bMmj\" data-hovercard=\"\/ajax\/hovercard\/user.php?id=100001503999147&amp;extragetparams=%7B%22__tn__%22%3A%22%2CdK%2AF-R%22%2C%22eid%22%3A%22ARDfRIhXrGVzg1Wi_juzi1AIXVjNdbFo3U3wXAxu-ZDzbP1W5fwoIH_q0OH9pdPpOPQ44NUMOle_bMmj%22%2C%22directed_target_id%22%3Anull%2C%22groups_location%22%3Anull%7D\" data-hovercard-prefer-more-content-show=\"1\">Tilby Vattard<\/a><br \/>\nplus d&rsquo;infos sur notre site &#8211;&gt;\u00a0<a href=\"https:\/\/bit.ly\/2WbgxTx?fbclid=IwAR12o3XgsN0qmAzLGChvyyYJAa_oU__dgxxkFM0A_f5YVz3k9S7NiSw_rnk\" target=\"_blank\" rel=\"nofollow noopener\" data-lynx-mode=\"asynclazy\" data-lynx-uri=\"https:\/\/l.facebook.com\/l.php?u=https%3A%2F%2Fbit.ly%2F2WbgxTx%3Ffbclid%3DIwAR12o3XgsN0qmAzLGChvyyYJAa_oU__dgxxkFM0A_f5YVz3k9S7NiSw_rnk&amp;h=AT0Bv1lCHyDMVQnEpoIIiaFwTm0hTwPrBgYw6FQ07O6tLQthplRzrh1HH1cSAxwwU2FoHloKxqRsEmbc-gbDiopgABUefjP6-RI0D7wYYw54Gqf7HDFZ0OppVgN9H-NSEcT_sJxzZVlUz64\">http:\/\/bit.ly\/2WbgxTx<\/a><\/p>\n<p><img loading=\"lazy\" decoding=\"async\" class=\"alignnone wp-image-871 lazyload\" data-src=\"https:\/\/kailashyoga.fr\/wp-content\/uploads\/2019\/04\/ELLE-0718-240x300.jpg\" alt=\"\" width=\"259\" height=\"324\" data-srcset=\"https:\/\/kailashyoga.fr\/wp-content\/uploads\/2019\/04\/ELLE-0718-240x300.jpg 240w, https:\/\/kailashyoga.fr\/wp-content\/uploads\/2019\/04\/ELLE-0718.jpg 768w\" data-sizes=\"auto, (max-width: 259px) 100vw, 259px\" src=\"data:image\/gif;base64,R0lGODlhAQABAAAAACH5BAEKAAEALAAAAAABAAEAAAICTAEAOw==\" style=\"--smush-placeholder-width: 259px; --smush-placeholder-aspect-ratio: 259\/324;\" \/><noscript><img loading=\"lazy\" decoding=\"async\" class=\"alignnone wp-image-871\" src=\"https:\/\/kailashyoga.fr\/wp-content\/uploads\/2019\/04\/ELLE-0718-240x300.jpg\" alt=\"\" width=\"259\" height=\"324\" srcset=\"https:\/\/kailashyoga.fr\/wp-content\/uploads\/2019\/04\/ELLE-0718-240x300.jpg 240w, https:\/\/kailashyoga.fr\/wp-content\/uploads\/2019\/04\/ELLE-0718.jpg 768w\" sizes=\"auto, (max-width: 259px) 100vw, 259px\" \/><\/noscript>\u00a0<strong>ELLE<\/strong>, juillet 2018<\/p>\n<p><img loading=\"lazy\" decoding=\"async\" class=\"alignnone wp-image-872 lazyload\" data-src=\"https:\/\/kailashyoga.fr\/wp-content\/uploads\/2019\/04\/L-OBS-0718-250x300.jpg\" alt=\"\" width=\"261\" height=\"313\" data-srcset=\"https:\/\/kailashyoga.fr\/wp-content\/uploads\/2019\/04\/L-OBS-0718-250x300.jpg 250w, https:\/\/kailashyoga.fr\/wp-content\/uploads\/2019\/04\/L-OBS-0718-768x922.jpg 768w, https:\/\/kailashyoga.fr\/wp-content\/uploads\/2019\/04\/L-OBS-0718.jpg 800w\" data-sizes=\"auto, (max-width: 261px) 100vw, 261px\" src=\"data:image\/gif;base64,R0lGODlhAQABAAAAACH5BAEKAAEALAAAAAABAAEAAAICTAEAOw==\" style=\"--smush-placeholder-width: 261px; --smush-placeholder-aspect-ratio: 261\/313;\" \/><noscript><img loading=\"lazy\" decoding=\"async\" class=\"alignnone wp-image-872\" src=\"https:\/\/kailashyoga.fr\/wp-content\/uploads\/2019\/04\/L-OBS-0718-250x300.jpg\" alt=\"\" width=\"261\" height=\"313\" srcset=\"https:\/\/kailashyoga.fr\/wp-content\/uploads\/2019\/04\/L-OBS-0718-250x300.jpg 250w, https:\/\/kailashyoga.fr\/wp-content\/uploads\/2019\/04\/L-OBS-0718-768x922.jpg 768w, https:\/\/kailashyoga.fr\/wp-content\/uploads\/2019\/04\/L-OBS-0718.jpg 800w\" sizes=\"auto, (max-width: 261px) 100vw, 261px\" \/><\/noscript>\u00a0<strong>L&rsquo;OBS<\/strong>, suppl\u00e9ment \u00e9t\u00e9, juillet 2018<\/p>\n","protected":false},"excerpt":{"rendered":"<p>Dans les m\u00e9dias&#8230; A partir du 10 mai 2021 &#8211; Des cours en live gratuits \u00e0 19h00 tous les lundis de mai et juin 2021 dans le cadre du programme<a href=\"https:\/\/kailashyoga.fr\/index.php\/kailash-yoga-dans-la-presse\/\" class=\"more-link\"><span class=\"readmore\">Continue reading<span class=\"screen-reader-text\">Kailash Yoga dans les m\u00e9dias&#8230;<\/span><\/span><\/a><\/p>\n","protected":false},"author":1,"featured_media":0,"parent":0,"menu_order":0,"comment_status":"closed","ping_status":"closed","template":"","meta":{"_exactmetrics_skip_tracking":false,"_exactmetrics_sitenote_active":false,"_exactmetrics_sitenote_note":"","_exactmetrics_sitenote_category":0,"footnotes":""},"class_list":["post-864","page","type-page","status-publish","hentry"],"_links":{"self":[{"href":"https:\/\/kailashyoga.fr\/index.php\/wp-json\/wp\/v2\/pages\/864","targetHints":{"allow":["GET"]}}],"collection":[{"href":"https:\/\/kailashyoga.fr\/index.php\/wp-json\/wp\/v2\/pages"}],"about":[{"href":"https:\/\/kailashyoga.fr\/index.php\/wp-json\/wp\/v2\/types\/page"}],"author":[{"embeddable":true,"href":"https:\/\/kailashyoga.fr\/index.php\/wp-json\/wp\/v2\/users\/1"}],"replies":[{"embeddable":true,"href":"https:\/\/kailashyoga.fr\/index.php\/wp-json\/wp\/v2\/comments?post=864"}],"version-history":[{"count":14,"href":"https:\/\/kailashyoga.fr\/index.php\/wp-json\/wp\/v2\/pages\/864\/revisions"}],"predecessor-version":[{"id":1285,"href":"https:\/\/kailashyoga.fr\/index.php\/wp-json\/wp\/v2\/pages\/864\/revisions\/1285"}],"wp:attachment":[{"href":"https:\/\/kailashyoga.fr\/index.php\/wp-json\/wp\/v2\/media?parent=864"}],"curies":[{"name":"wp","href":"https:\/\/api.w.org\/{rel}","templated":true}]}}