{"id":332,"date":"2017-11-24T14:31:36","date_gmt":"2017-11-24T13:31:36","guid":{"rendered":"http:\/\/kailashyoga.fr\/?page_id=332"},"modified":"2026-03-26T15:07:41","modified_gmt":"2026-03-26T14:07:41","slug":"formation","status":"publish","type":"page","link":"https:\/\/kailashyoga.fr\/index.php\/formation\/","title":{"rendered":"Formations de professeurs"},"content":{"rendered":"<h2 style=\"text-align: center;\"><strong>Formations de professeurs de Yoga du <a href=\"http:\/\/www.cefyto.fr\/\" target=\"_blank\" rel=\"noopener\">CEFYTO Bretagne<\/a><\/strong><\/h2>\n<h4 style=\"text-align: center;\">\u00a0<\/h4>\n<h4 style=\"text-align: center;\">Formations en Yoga traditionnel et dipl\u00f4mes reconnus par l\u2019<a href=\"https:\/\/www.europeanyoga.org\/euyws\/fr\/\" target=\"_blank\" rel=\"noopener\">Union Europ\u00e9enne de Yoga<\/a> (UEY) et la <a href=\"https:\/\/www.fidhy.fr\/formations\" target=\"_blank\" rel=\"noopener\">FIDHY<\/a>\u00a0(F\u00e9d\u00e9ration Inter enseignements de Hatha yoga).<\/h4>\n<figure id=\"attachment_288\" aria-describedby=\"caption-attachment-288\" style=\"width: 327px\" class=\"wp-caption aligncenter\"><a href=\"http:\/\/www.cefyto.fr\" target=\"_blank\" rel=\"noopener noreferrer\"><img loading=\"lazy\" decoding=\"async\" class=\"wp-image-288 lazyload\" data-src=\"http:\/\/kailashyoga.fr\/wp-content\/uploads\/2017\/11\/thumb_IMG_8664_1024-300x225.jpg\" alt=\"\" width=\"327\" height=\"245\" data-srcset=\"https:\/\/kailashyoga.fr\/wp-content\/uploads\/2017\/11\/thumb_IMG_8664_1024-300x225.jpg 300w, https:\/\/kailashyoga.fr\/wp-content\/uploads\/2017\/11\/thumb_IMG_8664_1024-768x576.jpg 768w, https:\/\/kailashyoga.fr\/wp-content\/uploads\/2017\/11\/thumb_IMG_8664_1024.jpg 1024w\" data-sizes=\"auto, (max-width: 327px) 100vw, 327px\" src=\"data:image\/gif;base64,R0lGODlhAQABAAAAACH5BAEKAAEALAAAAAABAAEAAAICTAEAOw==\" style=\"--smush-placeholder-width: 327px; --smush-placeholder-aspect-ratio: 327\/245;\" \/><noscript><img loading=\"lazy\" decoding=\"async\" class=\"wp-image-288\" src=\"http:\/\/kailashyoga.fr\/wp-content\/uploads\/2017\/11\/thumb_IMG_8664_1024-300x225.jpg\" alt=\"\" width=\"327\" height=\"245\" srcset=\"https:\/\/kailashyoga.fr\/wp-content\/uploads\/2017\/11\/thumb_IMG_8664_1024-300x225.jpg 300w, https:\/\/kailashyoga.fr\/wp-content\/uploads\/2017\/11\/thumb_IMG_8664_1024-768x576.jpg 768w, https:\/\/kailashyoga.fr\/wp-content\/uploads\/2017\/11\/thumb_IMG_8664_1024.jpg 1024w\" sizes=\"auto, (max-width: 327px) 100vw, 327px\" \/><\/noscript><\/a><figcaption id=\"caption-attachment-288\" class=\"wp-caption-text\">Cefyto Bretagne<\/figcaption><\/figure>\n<h4><strong>Pr\u00e9sentation et programmes et planning 2026-2027 : 2 Documents \u00e0 t\u00e9l\u00e9charger ci-dessous<\/strong><\/h4>\n<ul>\n<li style=\"list-style-type: none;\">\n<ul>\n<li>\n<h5 style=\"text-align: left;\"><strong><a href=\"https:\/\/kailashyoga.fr\/wp-content\/uploads\/2025\/11\/Cefyto-brochure-nouveaux-programmes-1.pdf\" target=\"_blank\" rel=\"noopener\">Les formations du CEFYTO<\/a><\/strong><\/h5>\n<\/li>\n<li>\n<h5 style=\"text-align: left;\"><strong><a href=\"https:\/\/kailashyoga.fr\/wp-content\/uploads\/2026\/03\/CEFYTO-formation-initiale-2026-28.pdf\">CEFYTO formation initiale 2026-28<\/a><\/strong><\/h5>\n<\/li>\n<\/ul>\n<\/li>\n<\/ul>\n<h4><strong><a href=\"http:\/\/cefyto.fr\" target=\"_blank\" rel=\"noopener\">Le CEFYTO Bretagne<\/a> propose <span class=\"a_GcMg font-feature-liga-off font-feature-clig-off font-feature-calt-off text-decoration-none text-strikethrough-none\">plusieurs formules adapt\u00e9es \u00e0 vos parcours<\/span>:<\/strong><\/h4>\n<p class=\"cvGsUA direction-ltr align-start para-style-heading2\" style=\"text-align: center;\"><span class=\"a_GcMg font-feature-liga-off font-feature-clig-off font-feature-calt-off text-decoration-none text-strikethrough-none\">\u00b7 <strong>Formation Initiale<\/strong> 300 heures <\/span><span class=\"a_GcMg font-feature-liga-off font-feature-clig-off font-feature-calt-off text-decoration-none text-strikethrough-none\">en 2 ans\u00a0<\/span><\/p>\n<p class=\"cvGsUA direction-ltr align-start para-style-heading2\" style=\"text-align: center;\"><span class=\"a_GcMg font-feature-liga-off font-feature-clig-off font-feature-calt-off text-decoration-none text-strikethrough-none\">\u00b7 <strong>Formation 500 heures<\/strong> : <\/span><span class=\"a_GcMg font-feature-liga-off font-feature-clig-off font-feature-calt-off text-decoration-none text-strikethrough-none\">formation initiale + 4 <\/span><span class=\"a_GcMg font-feature-liga-off font-feature-clig-off font-feature-calt-off text-decoration-none text-strikethrough-none\">modules th\u00e9matiques <\/span><span class=\"a_GcMg font-feature-liga-off font-feature-clig-off font-feature-calt-off text-decoration-none text-strikethrough-none\">en 4 ans<\/span><\/p>\n<p class=\"cvGsUA direction-ltr align-start para-style-heading2\" style=\"text-align: center;\"><span class=\"a_GcMg font-feature-liga-off font-feature-clig-off font-feature-calt-off text-decoration-none text-strikethrough-none\">\u00b7 <strong>4 Modules compl\u00e9mentaires <\/strong><\/span><span class=\"a_GcMg font-feature-liga-off font-feature-clig-off font-feature-calt-off text-decoration-none text-strikethrough-none\">ind\u00e9pendants ou <strong>post-<\/strong><\/span><span class=\"a_GcMg font-feature-liga-off font-feature-clig-off font-feature-calt-off text-decoration-none text-strikethrough-none\"><strong>formations th\u00e9matiques<\/strong> : 50 <\/span><span class=\"a_GcMg font-feature-liga-off font-feature-clig-off font-feature-calt-off text-decoration-none text-strikethrough-none\">heures en 2 ou 3 s\u00e9minaires<\/span><\/p>\n<p>Le <a href=\"http:\/\/www.cefyto.fr\/formation\/\" target=\"_blank\" rel=\"noopener\"><strong>Cefyto<\/strong><\/a> c&rsquo;est un centre d\u00e9di\u00e9 au yoga depuis 30 ans, une salle de pratique de 120 m2, une biblioth\u00e8que sp\u00e9cialis\u00e9e, des espaces communs pour \u00e9changer, \u00e9tudier, se reposer sur un domaine de 7,5 hectares de nature.<\/p>\n<p><strong>Les demandes d\u2019informations et inscriptions peuvent \u00eatre adress\u00e9es \u00e0 Mme No\u00eblle Milliat, par t\u00e9l\u00e9phone au 06 72 74 81 61 ou par courriel : contact@kailashyoga.fr<\/strong><\/p>\n<p><strong>Le prochain cycle de formation d\u00e9bute en septembre 2026.<\/strong><\/p>\n<p>La formation ou les modules compl\u00e9mentaires peuvent \u00eatre suivis dans le but de diversifier et approfondir sa pratique et ses connaissances th\u00e9oriques. Les personnes qui souhaitent enseigner le yoga (si elles n&rsquo;enseignent pas d\u00e9j\u00e0) pourront commencer \u00e0 enseigner d\u00e8s la 2\u00e8me ann\u00e9e de formation.<\/p>\n<h4 style=\"text-align: center;\"><strong>L&rsquo;\u00e9quipe d\u2019enseignants :<\/strong><\/h4>\n<p style=\"text-align: center;\">No\u00eblle Milliat, directrice p\u00e9dagogique<\/p>\n<p style=\"text-align: center;\">Rodolphe Milliat, fondateur du CEFYTO Bretagne<\/p>\n<p style=\"text-align: center;\">Isabelle Moysan, enseignante et formatrice en yoga et ayurv\u00e9da<\/p>\n<p style=\"text-align: center;\">Walter Ruta, enseignant et formateur en yoga (\u00e9cole Pramiti)<\/p>\n<p style=\"text-align: center;\">Caroline Lannes, Kin\u00e9sith\u00e9rapeute et enseignante de yoga (anatomie)<\/p>\n<p style=\"text-align: center;\">Ragnar Oskarsson, pr\u00e9parateur physique et enseignant de yoga (physiologie)<\/p>\n<p style=\"text-align: center;\">Sabrina Gayde, enseignante et formatrice en hatha yoga et yoga nidra (\u00e9cole Pramiti)<\/p>\n<p style=\"text-align: center;\">Jean-Marc Qu\u00e9r\u00e9, cin\u00e9aste et sociologue de l\u2019hindouisme<\/p>\n<p><strong>Toutes les personnes d\u00e9sireuses de s\u2019engager dans une formation de professeur de yoga sont toujours les bienvenues pour des conseils d\u2019orientation et des discussions sur leur niveau de pratique, le yoga qu\u2019elles souhaitent enseigner et le contenu des formations qu\u2019elles recherchent.<\/strong><\/p>\n<p style=\"text-align: center;\"><span style=\"font-size: 36pt; color: #993366;\">\u0ad0<\/span><\/p>\n<p style=\"text-align: center;\"><img loading=\"lazy\" decoding=\"async\" class=\"size-medium wp-image-815 aligncenter lazyload\" data-src=\"https:\/\/kailashyoga.fr\/wp-content\/uploads\/2019\/01\/cefyto-300x225.jpg\" alt=\"\" width=\"300\" height=\"225\" data-srcset=\"https:\/\/kailashyoga.fr\/wp-content\/uploads\/2019\/01\/cefyto-300x225.jpg 300w, https:\/\/kailashyoga.fr\/wp-content\/uploads\/2019\/01\/cefyto-768x576.jpg 768w, https:\/\/kailashyoga.fr\/wp-content\/uploads\/2019\/01\/cefyto-640x480.jpg 640w, https:\/\/kailashyoga.fr\/wp-content\/uploads\/2019\/01\/cefyto.jpg 960w\" data-sizes=\"auto, (max-width: 300px) 100vw, 300px\" src=\"data:image\/gif;base64,R0lGODlhAQABAAAAACH5BAEKAAEALAAAAAABAAEAAAICTAEAOw==\" style=\"--smush-placeholder-width: 300px; --smush-placeholder-aspect-ratio: 300\/225;\" \/><noscript><img loading=\"lazy\" decoding=\"async\" class=\"size-medium wp-image-815 aligncenter\" src=\"https:\/\/kailashyoga.fr\/wp-content\/uploads\/2019\/01\/cefyto-300x225.jpg\" alt=\"\" width=\"300\" height=\"225\" srcset=\"https:\/\/kailashyoga.fr\/wp-content\/uploads\/2019\/01\/cefyto-300x225.jpg 300w, https:\/\/kailashyoga.fr\/wp-content\/uploads\/2019\/01\/cefyto-768x576.jpg 768w, https:\/\/kailashyoga.fr\/wp-content\/uploads\/2019\/01\/cefyto-640x480.jpg 640w, https:\/\/kailashyoga.fr\/wp-content\/uploads\/2019\/01\/cefyto.jpg 960w\" sizes=\"auto, (max-width: 300px) 100vw, 300px\" \/><\/noscript><strong>Cefyto<\/strong> : La Perri\u00e8re 22660 Le Quillio<\/p>\n<p>\u00a0 \u00a0 <a href=\"https:\/\/www.fidhy.fr\/\"><img loading=\"lazy\" decoding=\"async\" class=\"wp-image-609  alignleft lazyload\" title=\"Fidhy\" data-src=\"http:\/\/kailashyoga.fr\/wp-content\/uploads\/2018\/04\/Logo-Fidhy_Orange_200x361-166x300.jpg\" alt=\"\" width=\"53\" height=\"96\" data-srcset=\"https:\/\/kailashyoga.fr\/wp-content\/uploads\/2018\/04\/Logo-Fidhy_Orange_200x361-166x300.jpg 166w, https:\/\/kailashyoga.fr\/wp-content\/uploads\/2018\/04\/Logo-Fidhy_Orange_200x361.jpg 200w\" data-sizes=\"auto, (max-width: 53px) 100vw, 53px\" src=\"data:image\/gif;base64,R0lGODlhAQABAAAAACH5BAEKAAEALAAAAAABAAEAAAICTAEAOw==\" style=\"--smush-placeholder-width: 53px; --smush-placeholder-aspect-ratio: 53\/96;\" \/><noscript><img loading=\"lazy\" decoding=\"async\" class=\"wp-image-609  alignleft\" title=\"Fidhy\" src=\"http:\/\/kailashyoga.fr\/wp-content\/uploads\/2018\/04\/Logo-Fidhy_Orange_200x361-166x300.jpg\" alt=\"\" width=\"53\" height=\"96\" srcset=\"https:\/\/kailashyoga.fr\/wp-content\/uploads\/2018\/04\/Logo-Fidhy_Orange_200x361-166x300.jpg 166w, https:\/\/kailashyoga.fr\/wp-content\/uploads\/2018\/04\/Logo-Fidhy_Orange_200x361.jpg 200w\" sizes=\"auto, (max-width: 53px) 100vw, 53px\" \/><\/noscript><\/a><a href=\"https:\/\/www.europeanyoga.org\/fr\/\" target=\"_blank\" rel=\"noopener noreferrer\"><img loading=\"lazy\" decoding=\"async\" class=\"alignright wp-image-363 lazyload\" title=\"Union Europ\u00e9enne de Yoga\" data-src=\"http:\/\/kailashyoga.fr\/wp-content\/uploads\/2017\/11\/Logo-UEY-300x54.png\" alt=\"\" width=\"272\" height=\"49\" data-srcset=\"https:\/\/kailashyoga.fr\/wp-content\/uploads\/2017\/11\/Logo-UEY-300x54.png 300w, https:\/\/kailashyoga.fr\/wp-content\/uploads\/2017\/11\/Logo-UEY.png 716w\" data-sizes=\"auto, (max-width: 272px) 100vw, 272px\" src=\"data:image\/gif;base64,R0lGODlhAQABAAAAACH5BAEKAAEALAAAAAABAAEAAAICTAEAOw==\" style=\"--smush-placeholder-width: 272px; --smush-placeholder-aspect-ratio: 272\/49;\" \/><noscript><img loading=\"lazy\" decoding=\"async\" class=\"alignright wp-image-363 \" title=\"Union Europ\u00e9enne de Yoga\" src=\"http:\/\/kailashyoga.fr\/wp-content\/uploads\/2017\/11\/Logo-UEY-300x54.png\" alt=\"\" width=\"272\" height=\"49\" srcset=\"https:\/\/kailashyoga.fr\/wp-content\/uploads\/2017\/11\/Logo-UEY-300x54.png 300w, https:\/\/kailashyoga.fr\/wp-content\/uploads\/2017\/11\/Logo-UEY.png 716w\" sizes=\"auto, (max-width: 272px) 100vw, 272px\" \/><\/noscript><\/a><\/p>\n\n\n<p><\/p>\n","protected":false},"excerpt":{"rendered":"<p>Formations de professeurs de Yoga du CEFYTO Bretagne \u00a0 Formations en Yoga traditionnel et dipl\u00f4mes reconnus par l\u2019Union Europ\u00e9enne de Yoga (UEY) et la FIDHY\u00a0(F\u00e9d\u00e9ration Inter enseignements de Hatha yoga).<a href=\"https:\/\/kailashyoga.fr\/index.php\/formation\/\" class=\"more-link\"><span class=\"readmore\">Continue reading<span class=\"screen-reader-text\">Formations de professeurs<\/span><\/span><\/a><\/p>\n","protected":false},"author":1,"featured_media":0,"parent":0,"menu_order":0,"comment_status":"closed","ping_status":"closed","template":"","meta":{"_exactmetrics_skip_tracking":false,"_exactmetrics_sitenote_active":false,"_exactmetrics_sitenote_note":"","_exactmetrics_sitenote_category":0,"footnotes":""},"class_list":["post-332","page","type-page","status-publish","hentry"],"_links":{"self":[{"href":"https:\/\/kailashyoga.fr\/index.php\/wp-json\/wp\/v2\/pages\/332","targetHints":{"allow":["GET"]}}],"collection":[{"href":"https:\/\/kailashyoga.fr\/index.php\/wp-json\/wp\/v2\/pages"}],"about":[{"href":"https:\/\/kailashyoga.fr\/index.php\/wp-json\/wp\/v2\/types\/page"}],"author":[{"embeddable":true,"href":"https:\/\/kailashyoga.fr\/index.php\/wp-json\/wp\/v2\/users\/1"}],"replies":[{"embeddable":true,"href":"https:\/\/kailashyoga.fr\/index.php\/wp-json\/wp\/v2\/comments?post=332"}],"version-history":[{"count":93,"href":"https:\/\/kailashyoga.fr\/index.php\/wp-json\/wp\/v2\/pages\/332\/revisions"}],"predecessor-version":[{"id":2191,"href":"https:\/\/kailashyoga.fr\/index.php\/wp-json\/wp\/v2\/pages\/332\/revisions\/2191"}],"wp:attachment":[{"href":"https:\/\/kailashyoga.fr\/index.php\/wp-json\/wp\/v2\/media?parent=332"}],"curies":[{"name":"wp","href":"https:\/\/api.w.org\/{rel}","templated":true}]}}