{"id":1892,"date":"2024-06-17T18:05:31","date_gmt":"2024-06-17T16:05:31","guid":{"rendered":"https:\/\/kailashyoga.fr\/index.php\/?page_id=1892"},"modified":"2024-06-18T10:57:41","modified_gmt":"2024-06-18T08:57:41","slug":"a-lire-a-ecouter-a-voir","status":"publish","type":"page","link":"https:\/\/kailashyoga.fr\/index.php\/a-lire-a-ecouter-a-voir\/","title":{"rendered":"\u00c0 lire, \u00e0 \u00e9couter, \u00e0 voir&#8230;"},"content":{"rendered":"\n<h2 class=\"wp-block-heading\">\u00c0 lire&#8230;<\/h2>\n\n\n\n<p>Une s\u00e9rie de livres est \u00e9dit\u00e9e directement au Cefyto : <a href=\"http:\/\/www.cefyto.fr\/livres\/\" target=\"_blank\" rel=\"noreferrer noopener\">\u00ab\u00a0India Universalis Edition\u00a0\u00bb<\/a><\/p>\n\n\n\n<p>En voici deux pour commencer :<a href=\"http:\/\/www.cefyto.fr\/livres\/livre\/le-hatha-yoga-et-ses-systemes-energetiques\/\" target=\"_blank\" rel=\"noreferrer noopener\"><\/a><\/p>\n\n\n\n<div class=\"wp-block-media-text alignwide is-stacked-on-mobile\" style=\"grid-template-columns:15% auto\"><figure class=\"wp-block-media-text__media\"><a href=\"http:\/\/www.cefyto.fr\/livres\/livre\/le-passage-du-souffle\/\" target=\"_blank\" rel=\"noreferrer noopener\"><img loading=\"lazy\" decoding=\"async\" width=\"600\" height=\"852\" data-src=\"https:\/\/kailashyoga.fr\/wp-content\/uploads\/2024\/06\/Capture-decran-2024-06-17-a-17.57.59-1.png\" alt=\"\" class=\"wp-image-1895 size-full lazyload\" data-srcset=\"https:\/\/kailashyoga.fr\/wp-content\/uploads\/2024\/06\/Capture-decran-2024-06-17-a-17.57.59-1.png 600w, https:\/\/kailashyoga.fr\/wp-content\/uploads\/2024\/06\/Capture-decran-2024-06-17-a-17.57.59-1-211x300.png 211w\" data-sizes=\"auto, (max-width: 600px) 100vw, 600px\" src=\"data:image\/gif;base64,R0lGODlhAQABAAAAACH5BAEKAAEALAAAAAABAAEAAAICTAEAOw==\" style=\"--smush-placeholder-width: 600px; --smush-placeholder-aspect-ratio: 600\/852;\" \/><noscript><img loading=\"lazy\" decoding=\"async\" width=\"600\" height=\"852\" src=\"https:\/\/kailashyoga.fr\/wp-content\/uploads\/2024\/06\/Capture-decran-2024-06-17-a-17.57.59-1.png\" alt=\"\" class=\"wp-image-1895 size-full\" srcset=\"https:\/\/kailashyoga.fr\/wp-content\/uploads\/2024\/06\/Capture-decran-2024-06-17-a-17.57.59-1.png 600w, https:\/\/kailashyoga.fr\/wp-content\/uploads\/2024\/06\/Capture-decran-2024-06-17-a-17.57.59-1-211x300.png 211w\" sizes=\"auto, (max-width: 600px) 100vw, 600px\" \/><\/noscript><\/a><\/figure><div class=\"wp-block-media-text__content\">\n<p><em>Le passage du souffle<\/em>. Rodolphe Milliat<\/p>\n\n\n\n<p>Un ouvrage sur le pranayama : il y a peu de livres \u00e9crits en fran\u00e7ais sur ce th\u00e8me, les techniques du souffle, de la respiration et des r\u00e9tentions en hatha yoga. <a href=\"http:\/\/www.cefyto.fr\/livres\/livre\/le-passage-du-souffle\/\" target=\"_blank\" rel=\"noreferrer noopener\">\u00c0 commander ICI<\/a><\/p>\n<\/div><\/div>\n\n\n\n<div class=\"wp-block-media-text alignwide is-stacked-on-mobile\" style=\"grid-template-columns:15% auto\"><figure class=\"wp-block-media-text__media\"><img loading=\"lazy\" decoding=\"async\" width=\"769\" height=\"1024\" data-src=\"https:\/\/kailashyoga.fr\/wp-content\/uploads\/2024\/06\/Capture-decran-2024-06-17-a-17.51.12-769x1024.png\" alt=\"\" class=\"wp-image-1893 size-full lazyload\" data-srcset=\"https:\/\/kailashyoga.fr\/wp-content\/uploads\/2024\/06\/Capture-decran-2024-06-17-a-17.51.12-769x1024.png 769w, https:\/\/kailashyoga.fr\/wp-content\/uploads\/2024\/06\/Capture-decran-2024-06-17-a-17.51.12-225x300.png 225w, https:\/\/kailashyoga.fr\/wp-content\/uploads\/2024\/06\/Capture-decran-2024-06-17-a-17.51.12-768x1023.png 768w, https:\/\/kailashyoga.fr\/wp-content\/uploads\/2024\/06\/Capture-decran-2024-06-17-a-17.51.12.png 910w\" data-sizes=\"auto, (max-width: 769px) 100vw, 769px\" src=\"data:image\/gif;base64,R0lGODlhAQABAAAAACH5BAEKAAEALAAAAAABAAEAAAICTAEAOw==\" style=\"--smush-placeholder-width: 769px; --smush-placeholder-aspect-ratio: 769\/1024;\" \/><noscript><img loading=\"lazy\" decoding=\"async\" width=\"769\" height=\"1024\" src=\"https:\/\/kailashyoga.fr\/wp-content\/uploads\/2024\/06\/Capture-decran-2024-06-17-a-17.51.12-769x1024.png\" alt=\"\" class=\"wp-image-1893 size-full\" srcset=\"https:\/\/kailashyoga.fr\/wp-content\/uploads\/2024\/06\/Capture-decran-2024-06-17-a-17.51.12-769x1024.png 769w, https:\/\/kailashyoga.fr\/wp-content\/uploads\/2024\/06\/Capture-decran-2024-06-17-a-17.51.12-225x300.png 225w, https:\/\/kailashyoga.fr\/wp-content\/uploads\/2024\/06\/Capture-decran-2024-06-17-a-17.51.12-768x1023.png 768w, https:\/\/kailashyoga.fr\/wp-content\/uploads\/2024\/06\/Capture-decran-2024-06-17-a-17.51.12.png 910w\" sizes=\"auto, (max-width: 769px) 100vw, 769px\" \/><\/noscript><\/figure><div class=\"wp-block-media-text__content\">\n<p><em>Le hatha yoga et ses syst\u00e8mes \u00e9nerg\u00e9tiques<\/em>. Rodolphe Milliat<\/p>\n\n\n\n<p>Un livre de pratique de Yoga complet, de nombreuses photos, c&rsquo;est le dernier livre sorti sur le Hatha yoga. <a href=\"http:\/\/www.cefyto.fr\/livres\/livre\/le-hatha-yoga-et-ses-systemes-energetiques\/\" target=\"_blank\" rel=\"noreferrer noopener\">\u00c0 commander en ligne ICI<\/a><\/p>\n<\/div><\/div>\n\n\n\n<p><\/p>\n\n\n\n<p>Et quelques livres que nous aimons&#8230;<\/p>\n\n\n\n<div class=\"wp-block-media-text alignwide is-stacked-on-mobile\" style=\"grid-template-columns:15% auto\"><figure class=\"wp-block-media-text__media\"><img loading=\"lazy\" decoding=\"async\" width=\"360\" height=\"560\" data-src=\"https:\/\/kailashyoga.fr\/wp-content\/uploads\/2024\/06\/Capture-decran-2024-06-17-a-21.56.52.png\" alt=\"\" class=\"wp-image-1898 size-full lazyload\" data-srcset=\"https:\/\/kailashyoga.fr\/wp-content\/uploads\/2024\/06\/Capture-decran-2024-06-17-a-21.56.52.png 360w, https:\/\/kailashyoga.fr\/wp-content\/uploads\/2024\/06\/Capture-decran-2024-06-17-a-21.56.52-193x300.png 193w\" data-sizes=\"auto, (max-width: 360px) 100vw, 360px\" src=\"data:image\/gif;base64,R0lGODlhAQABAAAAACH5BAEKAAEALAAAAAABAAEAAAICTAEAOw==\" style=\"--smush-placeholder-width: 360px; --smush-placeholder-aspect-ratio: 360\/560;\" \/><noscript><img loading=\"lazy\" decoding=\"async\" width=\"360\" height=\"560\" src=\"https:\/\/kailashyoga.fr\/wp-content\/uploads\/2024\/06\/Capture-decran-2024-06-17-a-21.56.52.png\" alt=\"\" class=\"wp-image-1898 size-full\" srcset=\"https:\/\/kailashyoga.fr\/wp-content\/uploads\/2024\/06\/Capture-decran-2024-06-17-a-21.56.52.png 360w, https:\/\/kailashyoga.fr\/wp-content\/uploads\/2024\/06\/Capture-decran-2024-06-17-a-21.56.52-193x300.png 193w\" sizes=\"auto, (max-width: 360px) 100vw, 360px\" \/><\/noscript><\/figure><div class=\"wp-block-media-text__content\">\n<p><em>The truth of yoga<\/em>. Daniel Simpson<\/p>\n\n\n\n<p>Un ouvrage qui r\u00e9ussit \u00e0 pr\u00e9senter la grande discipline du yoga de fa\u00e7on claire et accessible, en r\u00e9sumant chaque notion en quelques pages. Texte en anglais simple, facile d&rsquo;acc\u00e8s.<\/p>\n<\/div><\/div>\n\n\n\n<div class=\"wp-block-media-text alignwide is-stacked-on-mobile\" style=\"grid-template-columns:15% auto\"><figure class=\"wp-block-media-text__media\"><img loading=\"lazy\" decoding=\"async\" width=\"440\" height=\"682\" data-src=\"https:\/\/kailashyoga.fr\/wp-content\/uploads\/2024\/06\/Capture-decran-2024-06-17-a-22.06.21.png\" alt=\"\" class=\"wp-image-1899 size-full lazyload\" data-srcset=\"https:\/\/kailashyoga.fr\/wp-content\/uploads\/2024\/06\/Capture-decran-2024-06-17-a-22.06.21.png 440w, https:\/\/kailashyoga.fr\/wp-content\/uploads\/2024\/06\/Capture-decran-2024-06-17-a-22.06.21-194x300.png 194w\" data-sizes=\"auto, (max-width: 440px) 100vw, 440px\" src=\"data:image\/gif;base64,R0lGODlhAQABAAAAACH5BAEKAAEALAAAAAABAAEAAAICTAEAOw==\" style=\"--smush-placeholder-width: 440px; --smush-placeholder-aspect-ratio: 440\/682;\" \/><noscript><img loading=\"lazy\" decoding=\"async\" width=\"440\" height=\"682\" src=\"https:\/\/kailashyoga.fr\/wp-content\/uploads\/2024\/06\/Capture-decran-2024-06-17-a-22.06.21.png\" alt=\"\" class=\"wp-image-1899 size-full\" srcset=\"https:\/\/kailashyoga.fr\/wp-content\/uploads\/2024\/06\/Capture-decran-2024-06-17-a-22.06.21.png 440w, https:\/\/kailashyoga.fr\/wp-content\/uploads\/2024\/06\/Capture-decran-2024-06-17-a-22.06.21-194x300.png 194w\" sizes=\"auto, (max-width: 440px) 100vw, 440px\" \/><\/noscript><\/figure><div class=\"wp-block-media-text__content\">\n<p><em>Introduction aux yoga-sutras de Patanjali<\/em>. Erik Sabl\u00e9<\/p>\n\n\n\n<p>Ce texte fondamental du yoga est ici pr\u00e9sent\u00e9 et comment\u00e9 sans chercher \u00e0 l&rsquo;adapter \u00e0 nos besoins occidentaux mais en en respectant la tradition du yoga de cette \u00e9poque. C&rsquo;est un petit livre parfait pour se familiariser avec le yoga sutra.<\/p>\n<\/div><\/div>\n\n\n\n<div class=\"wp-block-media-text alignwide is-stacked-on-mobile\" style=\"grid-template-columns:15% auto\"><figure class=\"wp-block-media-text__media\"><img loading=\"lazy\" decoding=\"async\" width=\"468\" height=\"678\" data-src=\"https:\/\/kailashyoga.fr\/wp-content\/uploads\/2024\/06\/Capture-decran-2024-06-17-a-22.12.08.png\" alt=\"\" class=\"wp-image-1900 size-full lazyload\" data-srcset=\"https:\/\/kailashyoga.fr\/wp-content\/uploads\/2024\/06\/Capture-decran-2024-06-17-a-22.12.08.png 468w, https:\/\/kailashyoga.fr\/wp-content\/uploads\/2024\/06\/Capture-decran-2024-06-17-a-22.12.08-207x300.png 207w\" data-sizes=\"auto, (max-width: 468px) 100vw, 468px\" src=\"data:image\/gif;base64,R0lGODlhAQABAAAAACH5BAEKAAEALAAAAAABAAEAAAICTAEAOw==\" style=\"--smush-placeholder-width: 468px; --smush-placeholder-aspect-ratio: 468\/678;\" \/><noscript><img loading=\"lazy\" decoding=\"async\" width=\"468\" height=\"678\" src=\"https:\/\/kailashyoga.fr\/wp-content\/uploads\/2024\/06\/Capture-decran-2024-06-17-a-22.12.08.png\" alt=\"\" class=\"wp-image-1900 size-full\" srcset=\"https:\/\/kailashyoga.fr\/wp-content\/uploads\/2024\/06\/Capture-decran-2024-06-17-a-22.12.08.png 468w, https:\/\/kailashyoga.fr\/wp-content\/uploads\/2024\/06\/Capture-decran-2024-06-17-a-22.12.08-207x300.png 207w\" sizes=\"auto, (max-width: 468px) 100vw, 468px\" \/><\/noscript><\/figure><div class=\"wp-block-media-text__content\">\n<p><em>Les yoga-sutra de Patanjali \u00e0 la lumi\u00e8re des premiers commentaires indiens<\/em>. Erik Sabl\u00e9<\/p>\n\n\n\n<p>Pour aller plus loin sur le yogasutram. <\/p>\n<\/div><\/div>\n\n\n\n<div class=\"wp-block-media-text alignwide is-stacked-on-mobile\" style=\"grid-template-columns:15% auto\"><figure class=\"wp-block-media-text__media\"><img loading=\"lazy\" decoding=\"async\" width=\"661\" height=\"1024\" data-src=\"https:\/\/kailashyoga.fr\/wp-content\/uploads\/2024\/06\/Capture-decran-2024-06-17-a-22.16.41-661x1024.png\" alt=\"\" class=\"wp-image-1901 size-full lazyload\" data-srcset=\"https:\/\/kailashyoga.fr\/wp-content\/uploads\/2024\/06\/Capture-decran-2024-06-17-a-22.16.41-661x1024.png 661w, https:\/\/kailashyoga.fr\/wp-content\/uploads\/2024\/06\/Capture-decran-2024-06-17-a-22.16.41-194x300.png 194w, https:\/\/kailashyoga.fr\/wp-content\/uploads\/2024\/06\/Capture-decran-2024-06-17-a-22.16.41-768x1189.png 768w, https:\/\/kailashyoga.fr\/wp-content\/uploads\/2024\/06\/Capture-decran-2024-06-17-a-22.16.41.png 780w\" data-sizes=\"auto, (max-width: 661px) 100vw, 661px\" src=\"data:image\/gif;base64,R0lGODlhAQABAAAAACH5BAEKAAEALAAAAAABAAEAAAICTAEAOw==\" style=\"--smush-placeholder-width: 661px; --smush-placeholder-aspect-ratio: 661\/1024;\" \/><noscript><img loading=\"lazy\" decoding=\"async\" width=\"661\" height=\"1024\" src=\"https:\/\/kailashyoga.fr\/wp-content\/uploads\/2024\/06\/Capture-decran-2024-06-17-a-22.16.41-661x1024.png\" alt=\"\" class=\"wp-image-1901 size-full\" srcset=\"https:\/\/kailashyoga.fr\/wp-content\/uploads\/2024\/06\/Capture-decran-2024-06-17-a-22.16.41-661x1024.png 661w, https:\/\/kailashyoga.fr\/wp-content\/uploads\/2024\/06\/Capture-decran-2024-06-17-a-22.16.41-194x300.png 194w, https:\/\/kailashyoga.fr\/wp-content\/uploads\/2024\/06\/Capture-decran-2024-06-17-a-22.16.41-768x1189.png 768w, https:\/\/kailashyoga.fr\/wp-content\/uploads\/2024\/06\/Capture-decran-2024-06-17-a-22.16.41.png 780w\" sizes=\"auto, (max-width: 661px) 100vw, 661px\" \/><\/noscript><\/figure><div class=\"wp-block-media-text__content\">\n<p><em>Ti-puss.<\/em> Ella Maillard<\/p>\n\n\n\n<p>R\u00e9cit de voyage au coeur de l&rsquo;Inde, id\u00e9al pour les amoureux du voyage \ud83d\ude09<\/p>\n<\/div><\/div>\n\n\n\n<p><\/p>\n\n\n\n<h2 class=\"wp-block-heading\">\u00c0 \u00e9couter&#8230;<\/h2>\n\n\n\n<div class=\"wp-block-media-text alignwide is-stacked-on-mobile\" style=\"grid-template-columns:33% auto\"><figure class=\"wp-block-media-text__media\"><img loading=\"lazy\" decoding=\"async\" width=\"1024\" height=\"630\" data-src=\"https:\/\/kailashyoga.fr\/wp-content\/uploads\/2024\/06\/Capture-decran-2024-06-17-a-22.21.58-1-1024x630.png\" alt=\"\" class=\"wp-image-1904 size-full lazyload\" data-srcset=\"https:\/\/kailashyoga.fr\/wp-content\/uploads\/2024\/06\/Capture-decran-2024-06-17-a-22.21.58-1-1024x630.png 1024w, https:\/\/kailashyoga.fr\/wp-content\/uploads\/2024\/06\/Capture-decran-2024-06-17-a-22.21.58-1-300x185.png 300w, https:\/\/kailashyoga.fr\/wp-content\/uploads\/2024\/06\/Capture-decran-2024-06-17-a-22.21.58-1-768x473.png 768w, https:\/\/kailashyoga.fr\/wp-content\/uploads\/2024\/06\/Capture-decran-2024-06-17-a-22.21.58-1-1536x946.png 1536w, https:\/\/kailashyoga.fr\/wp-content\/uploads\/2024\/06\/Capture-decran-2024-06-17-a-22.21.58-1.png 1764w\" data-sizes=\"auto, (max-width: 1024px) 100vw, 1024px\" src=\"data:image\/gif;base64,R0lGODlhAQABAAAAACH5BAEKAAEALAAAAAABAAEAAAICTAEAOw==\" style=\"--smush-placeholder-width: 1024px; --smush-placeholder-aspect-ratio: 1024\/630;\" \/><noscript><img loading=\"lazy\" decoding=\"async\" width=\"1024\" height=\"630\" src=\"https:\/\/kailashyoga.fr\/wp-content\/uploads\/2024\/06\/Capture-decran-2024-06-17-a-22.21.58-1-1024x630.png\" alt=\"\" class=\"wp-image-1904 size-full\" srcset=\"https:\/\/kailashyoga.fr\/wp-content\/uploads\/2024\/06\/Capture-decran-2024-06-17-a-22.21.58-1-1024x630.png 1024w, https:\/\/kailashyoga.fr\/wp-content\/uploads\/2024\/06\/Capture-decran-2024-06-17-a-22.21.58-1-300x185.png 300w, https:\/\/kailashyoga.fr\/wp-content\/uploads\/2024\/06\/Capture-decran-2024-06-17-a-22.21.58-1-768x473.png 768w, https:\/\/kailashyoga.fr\/wp-content\/uploads\/2024\/06\/Capture-decran-2024-06-17-a-22.21.58-1-1536x946.png 1536w, https:\/\/kailashyoga.fr\/wp-content\/uploads\/2024\/06\/Capture-decran-2024-06-17-a-22.21.58-1.png 1764w\" sizes=\"auto, (max-width: 1024px) 100vw, 1024px\" \/><\/noscript><\/figure><div class=\"wp-block-media-text__content\">\n<p>Des podcasts en acc\u00e8s libre sur de nombreuses th\u00e9matiques avec des invit\u00e9s de qualit\u00e9 et de confiance!<\/p>\n\n\n\n<p><a href=\"https:\/\/www.casayana-yoga-grenoble.fr\/podcast\">https:\/\/www.casayana-yoga-grenoble.fr\/podcast<\/a><\/p>\n<\/div><\/div>\n\n\n\n<div class=\"wp-block-media-text alignwide is-stacked-on-mobile\" style=\"grid-template-columns:25% auto\"><figure class=\"wp-block-media-text__media\"><img loading=\"lazy\" decoding=\"async\" width=\"592\" height=\"594\" data-src=\"https:\/\/kailashyoga.fr\/wp-content\/uploads\/2024\/06\/Capture-decran-2024-06-17-a-22.26.23.png\" alt=\"\" class=\"wp-image-1905 size-full lazyload\" data-srcset=\"https:\/\/kailashyoga.fr\/wp-content\/uploads\/2024\/06\/Capture-decran-2024-06-17-a-22.26.23.png 592w, https:\/\/kailashyoga.fr\/wp-content\/uploads\/2024\/06\/Capture-decran-2024-06-17-a-22.26.23-300x300.png 300w, https:\/\/kailashyoga.fr\/wp-content\/uploads\/2024\/06\/Capture-decran-2024-06-17-a-22.26.23-150x150.png 150w, https:\/\/kailashyoga.fr\/wp-content\/uploads\/2024\/06\/Capture-decran-2024-06-17-a-22.26.23-180x180.png 180w\" data-sizes=\"auto, (max-width: 592px) 100vw, 592px\" src=\"data:image\/gif;base64,R0lGODlhAQABAAAAACH5BAEKAAEALAAAAAABAAEAAAICTAEAOw==\" style=\"--smush-placeholder-width: 592px; --smush-placeholder-aspect-ratio: 592\/594;\" \/><noscript><img loading=\"lazy\" decoding=\"async\" width=\"592\" height=\"594\" src=\"https:\/\/kailashyoga.fr\/wp-content\/uploads\/2024\/06\/Capture-decran-2024-06-17-a-22.26.23.png\" alt=\"\" class=\"wp-image-1905 size-full\" srcset=\"https:\/\/kailashyoga.fr\/wp-content\/uploads\/2024\/06\/Capture-decran-2024-06-17-a-22.26.23.png 592w, https:\/\/kailashyoga.fr\/wp-content\/uploads\/2024\/06\/Capture-decran-2024-06-17-a-22.26.23-300x300.png 300w, https:\/\/kailashyoga.fr\/wp-content\/uploads\/2024\/06\/Capture-decran-2024-06-17-a-22.26.23-150x150.png 150w, https:\/\/kailashyoga.fr\/wp-content\/uploads\/2024\/06\/Capture-decran-2024-06-17-a-22.26.23-180x180.png 180w\" sizes=\"auto, (max-width: 592px) 100vw, 592px\" \/><\/noscript><\/figure><div class=\"wp-block-media-text__content\">\n<p>Excellents podcasts s\u00e9rieux et passionnants.<\/p>\n\n\n\n<p><a href=\"https:\/\/podcast.yogicstudies.com\/?fbclid=IwZXh0bgNhZW0CMTEAAR0D99MJV1IgXFIuuvci8hUmkFWxhqNvOho8yzDr27R7ES8Fm8AzBChUN3k_aem_ZmFrZWR1bW15MTZieXRlcw\" target=\"_blank\" rel=\"noreferrer noopener\">The yogic studies<\/a><\/p>\n<\/div><\/div>\n\n\n\n<p><\/p>\n\n\n\n<h2 class=\"wp-block-heading\">\u00c0 voir&#8230;<\/h2>\n\n\n\n<p>Nous vous partageons ici quelques vid\u00e9os con\u00e7ues pendant les p\u00e9riodes de confinement. M\u00eame si elles datent un peu et que la qualit\u00e9 est m\u00e9diocre, les contenus peuvent vous aider \ud83d\ude09<\/p>\n\n\n\n<figure class=\"wp-block-embed is-type-video is-provider-youtube wp-block-embed-youtube wp-embed-aspect-16-9 wp-has-aspect-ratio\"><div class=\"wp-block-embed__wrapper\">\n<iframe loading=\"lazy\" title=\"2020 12 07 Pre\u0301paration et variations en Trikonasana\" width=\"990\" height=\"557\" data-src=\"https:\/\/www.youtube.com\/embed\/CNRnBY4fBg4?feature=oembed\" frameborder=\"0\" allow=\"accelerometer; autoplay; clipboard-write; encrypted-media; gyroscope; picture-in-picture; web-share\" referrerpolicy=\"strict-origin-when-cross-origin\" allowfullscreen src=\"data:image\/gif;base64,R0lGODlhAQABAAAAACH5BAEKAAEALAAAAAABAAEAAAICTAEAOw==\" class=\"lazyload\" data-load-mode=\"1\"><\/iframe>\n<\/div><\/figure>\n\n\n\n<figure class=\"wp-block-embed is-type-video is-provider-youtube wp-block-embed-youtube wp-embed-aspect-16-9 wp-has-aspect-ratio\"><div class=\"wp-block-embed__wrapper\">\n<iframe loading=\"lazy\" title=\"2020 11 23 Basic Yoga - Asana &amp; Pranayama\" width=\"990\" height=\"557\" data-src=\"https:\/\/www.youtube.com\/embed\/clJcY81oqG4?feature=oembed\" frameborder=\"0\" allow=\"accelerometer; autoplay; clipboard-write; encrypted-media; gyroscope; picture-in-picture; web-share\" referrerpolicy=\"strict-origin-when-cross-origin\" allowfullscreen src=\"data:image\/gif;base64,R0lGODlhAQABAAAAACH5BAEKAAEALAAAAAABAAEAAAICTAEAOw==\" class=\"lazyload\" data-load-mode=\"1\"><\/iframe>\n<\/div><\/figure>\n\n\n\n<figure class=\"wp-block-embed is-type-video is-provider-youtube wp-block-embed-youtube wp-embed-aspect-16-9 wp-has-aspect-ratio\"><div class=\"wp-block-embed__wrapper\">\n<iframe loading=\"lazy\" title=\"2020 12 16 Sp\u00e9cial douleurs lombaires\" width=\"990\" height=\"557\" data-src=\"https:\/\/www.youtube.com\/embed\/pi3zajPJ-R4?feature=oembed\" frameborder=\"0\" allow=\"accelerometer; autoplay; clipboard-write; encrypted-media; gyroscope; picture-in-picture; web-share\" referrerpolicy=\"strict-origin-when-cross-origin\" allowfullscreen src=\"data:image\/gif;base64,R0lGODlhAQABAAAAACH5BAEKAAEALAAAAAABAAEAAAICTAEAOw==\" class=\"lazyload\" data-load-mode=\"1\"><\/iframe>\n<\/div><\/figure>\n\n\n\n<figure class=\"wp-block-embed is-type-video is-provider-youtube wp-block-embed-youtube wp-embed-aspect-16-9 wp-has-aspect-ratio\"><div class=\"wp-block-embed__wrapper\">\n<iframe loading=\"lazy\" title=\"2021 01 27 Travail fonctionnel et Yoga\" width=\"990\" height=\"557\" data-src=\"https:\/\/www.youtube.com\/embed\/sfnm4GSqHa0?feature=oembed\" frameborder=\"0\" allow=\"accelerometer; autoplay; clipboard-write; encrypted-media; gyroscope; picture-in-picture; web-share\" referrerpolicy=\"strict-origin-when-cross-origin\" allowfullscreen src=\"data:image\/gif;base64,R0lGODlhAQABAAAAACH5BAEKAAEALAAAAAABAAEAAAICTAEAOw==\" class=\"lazyload\" data-load-mode=\"1\"><\/iframe>\n<\/div><\/figure>\n\n\n\n<figure class=\"wp-block-embed is-type-video is-provider-youtube wp-block-embed-youtube wp-embed-aspect-16-9 wp-has-aspect-ratio\"><div class=\"wp-block-embed__wrapper\">\n<iframe loading=\"lazy\" title=\"08 02 21 Basic Yoga (5) : Garudasana\" width=\"990\" height=\"557\" data-src=\"https:\/\/www.youtube.com\/embed\/tsESGKQaQhM?feature=oembed\" frameborder=\"0\" allow=\"accelerometer; autoplay; clipboard-write; encrypted-media; gyroscope; picture-in-picture; web-share\" referrerpolicy=\"strict-origin-when-cross-origin\" allowfullscreen src=\"data:image\/gif;base64,R0lGODlhAQABAAAAACH5BAEKAAEALAAAAAABAAEAAAICTAEAOw==\" class=\"lazyload\" data-load-mode=\"1\"><\/iframe>\n<\/div><\/figure>\n\n\n\n<p><\/p>\n","protected":false},"excerpt":{"rendered":"<p>\u00c0 lire&#8230; Une s\u00e9rie de livres est \u00e9dit\u00e9e directement au Cefyto : \u00ab\u00a0India Universalis Edition\u00a0\u00bb En voici deux pour commencer : Le passage du souffle. Rodolphe Milliat Un ouvrage sur<a href=\"https:\/\/kailashyoga.fr\/index.php\/a-lire-a-ecouter-a-voir\/\" class=\"more-link\"><span class=\"readmore\">Continue reading<span class=\"screen-reader-text\">\u00c0 lire, \u00e0 \u00e9couter, \u00e0 voir&#8230;<\/span><\/span><\/a><\/p>\n","protected":false},"author":1,"featured_media":0,"parent":0,"menu_order":0,"comment_status":"closed","ping_status":"closed","template":"","meta":{"_exactmetrics_skip_tracking":false,"_exactmetrics_sitenote_active":false,"_exactmetrics_sitenote_note":"","_exactmetrics_sitenote_category":0,"footnotes":""},"class_list":["post-1892","page","type-page","status-publish","hentry"],"_links":{"self":[{"href":"https:\/\/kailashyoga.fr\/index.php\/wp-json\/wp\/v2\/pages\/1892","targetHints":{"allow":["GET"]}}],"collection":[{"href":"https:\/\/kailashyoga.fr\/index.php\/wp-json\/wp\/v2\/pages"}],"about":[{"href":"https:\/\/kailashyoga.fr\/index.php\/wp-json\/wp\/v2\/types\/page"}],"author":[{"embeddable":true,"href":"https:\/\/kailashyoga.fr\/index.php\/wp-json\/wp\/v2\/users\/1"}],"replies":[{"embeddable":true,"href":"https:\/\/kailashyoga.fr\/index.php\/wp-json\/wp\/v2\/comments?post=1892"}],"version-history":[{"count":11,"href":"https:\/\/kailashyoga.fr\/index.php\/wp-json\/wp\/v2\/pages\/1892\/revisions"}],"predecessor-version":[{"id":1925,"href":"https:\/\/kailashyoga.fr\/index.php\/wp-json\/wp\/v2\/pages\/1892\/revisions\/1925"}],"wp:attachment":[{"href":"https:\/\/kailashyoga.fr\/index.php\/wp-json\/wp\/v2\/media?parent=1892"}],"curies":[{"name":"wp","href":"https:\/\/api.w.org\/{rel}","templated":true}]}}